{"id":1633,"date":"2023-02-26T21:43:46","date_gmt":"2023-02-26T20:43:46","guid":{"rendered":"https:\/\/www.cessangefc.lu\/?page_id=1633"},"modified":"2026-02-18T21:17:39","modified_gmt":"2026-02-18T20:17:39","slug":"scolaires-u15","status":"publish","type":"page","link":"https:\/\/www.fclcity.lu\/index.php\/equipes-juniors\/scolaires-u15\/","title":{"rendered":"Scolaires U15"},"content":{"rendered":"\n<h2 class=\"wp-block-heading\">Infos pratiques<\/h2>\n\n\n\n<p>Pour la saison 2025-2026, la cat\u00e9gorie Scolaires (U15) regroupe les joueurs n\u00e9s en 2011 et 2012.<\/p>\n\n\n\n<p>Les entra\u00eenements sont propos\u00e9s dans le centre de Hamm.<\/p>\n\n\n\n<p><strong><span style=\"text-decoration: underline;\"><strong><span style=\"text-decoration: underline;\">Entra\u00eenements<\/span><\/strong><span style=\"text-decoration: underline;\"><strong> au Centre Hamm au <\/strong><a href=\"https:\/\/goo.gl\/maps\/M8HGqy2drcRCHwGKA\" target=\"_blank\" rel=\"noreferrer noopener\"><strong>Stade Hans Sow<\/strong>a<\/a> :<\/span><\/span><\/strong><\/p>\n\n\n\n<p>Lundi : 18h &#8211; 19h30<br>Mercredi : 17h30 &#8211; 19h00<br>Vendredi : 17h30 &#8211; 19h<\/p>\n\n\n\n<p><\/p>\n\n\n\n<p>Les matches ont lieu en g\u00e9n\u00e9ral le samedi apr\u00e8s-midi.<\/p>\n\n\n\n<hr class=\"wp-block-separator has-alpha-channel-opacity\"\/>\n\n\n\n<h2 class=\"wp-block-heading\">Calendrier<\/h2>\n\n\n\n<p class=\"has-small-font-size\"><em>Abonnez-vous pour suivre toutes les mises \u00e0 jour directement dans votre t\u00e9l\u00e9phone :<\/em><\/p>\n\n\n\n<figure class=\"wp-block-table is-style-stripes has-small-font-size\"><table><tbody><tr><td class=\"has-text-align-left\" data-align=\"left\"><em><strong>Entra\u00eenements Hamm<\/strong><\/em> <\/td><td class=\"has-text-align-center\" data-align=\"center\"><em><a href=\"webcal:\/\/www.fclcity.lu\/index.php\/events\/category\/scolaires-u15\/feed\/eo-events\/\" target=\"_blank\"  title=\"&lt;em&gt;Entra\u00eenements &lt;\/em&gt;Scolaires U15\"  ><em><img decoding=\"async\" class=\"wp-image-4297\" style=\"width: 20px;\" src=\"https:\/\/www.fclcity.lu\/wp-content\/uploads\/2024\/01\/apple.png\" alt=\"\"><\/em><\/a><\/em><\/td><td class=\"has-text-align-center\" data-align=\"center\"><em><a href=\"https:\/\/www.google.com\/calendar\/render?cid=http%3A%2F%2Fwww.fclcity.lu%2Findex.php%2Fevents%2Fcategory%2Fscolaires-u15%2Ffeed%2Feo-events%2F\" target=\"_blank\"  title=\"&lt;em&gt;Entra\u00eenements Scolaires U15&lt;\/em&gt;\"  ><em><img loading=\"lazy\" decoding=\"async\" width=\"20\" height=\"20\" class=\"wp-image-4298\" style=\"width: 20px;\" src=\"https:\/\/www.fclcity.lu\/wp-content\/uploads\/2024\/01\/google.png\" alt=\"\" srcset=\"https:\/\/www.fclcity.lu\/wp-content\/uploads\/2024\/01\/google.png 1024w, https:\/\/www.fclcity.lu\/wp-content\/uploads\/2024\/01\/google-300x300.png 300w, https:\/\/www.fclcity.lu\/wp-content\/uploads\/2024\/01\/google-150x150.png 150w, https:\/\/www.fclcity.lu\/wp-content\/uploads\/2024\/01\/google-768x768.png 768w, https:\/\/www.fclcity.lu\/wp-content\/uploads\/2024\/01\/google-200x200.png 200w, https:\/\/www.fclcity.lu\/wp-content\/uploads\/2024\/01\/google-80x80.png 80w, https:\/\/www.fclcity.lu\/wp-content\/uploads\/2024\/01\/google-34x34.png 34w, https:\/\/www.fclcity.lu\/wp-content\/uploads\/2024\/01\/google-25x25.png 25w, https:\/\/www.fclcity.lu\/wp-content\/uploads\/2024\/01\/google-90x90.png 90w, https:\/\/www.fclcity.lu\/wp-content\/uploads\/2024\/01\/google-600x600.png 600w, https:\/\/www.fclcity.lu\/wp-content\/uploads\/2024\/01\/google-100x100.png 100w\" sizes=\"auto, (max-width: 20px) 100vw, 20px\" \/><\/em><\/a><\/em><\/td><\/tr><tr><td class=\"has-text-align-left\" data-align=\"left\"><strong><em>Matchs <\/em><\/strong><em><strong>FC Luxembourg City<\/strong> <strong>I<\/strong><\/em><\/td><td class=\"has-text-align-center\" data-align=\"center\"><em><a href=\"webcal:\/\/www.fclcity.lu\/index.php\/events\/category\/scolaires-u15-equipe-1\/feed\/eo-events\/\" target=\"_blank\"  title=\"&lt;em&gt;Matchs &lt;\/em&gt;Scolaires U15\"  ><em><img decoding=\"async\" class=\"wp-image-4297\" style=\"width: 20px;\" src=\"https:\/\/www.fclcity.lu\/wp-content\/uploads\/2024\/01\/apple.png\" alt=\"\"><\/em><\/a><\/em><\/td><td class=\"has-text-align-center\" data-align=\"center\"><em><a href=\"https:\/\/www.google.com\/calendar\/render?cid=http%3A%2F%2Fwww.fclcity.lu%2Findex.php%2Fevents%2Fcategory%2Fscolaires-u15-equipe-1%2Ffeed%2Feo-events%2F\" target=\"_blank\"  title=\"&lt;em&gt;Entra\u00eenements -Matchs&nbsp;Scolaires U15&lt;\/em&gt;\"  ><em><img loading=\"lazy\" decoding=\"async\" width=\"20\" height=\"20\" class=\"wp-image-4298\" style=\"width: 20px;\" src=\"https:\/\/www.fclcity.lu\/wp-content\/uploads\/2024\/01\/google.png\" alt=\"\" srcset=\"https:\/\/www.fclcity.lu\/wp-content\/uploads\/2024\/01\/google.png 1024w, https:\/\/www.fclcity.lu\/wp-content\/uploads\/2024\/01\/google-300x300.png 300w, https:\/\/www.fclcity.lu\/wp-content\/uploads\/2024\/01\/google-150x150.png 150w, https:\/\/www.fclcity.lu\/wp-content\/uploads\/2024\/01\/google-768x768.png 768w, https:\/\/www.fclcity.lu\/wp-content\/uploads\/2024\/01\/google-200x200.png 200w, https:\/\/www.fclcity.lu\/wp-content\/uploads\/2024\/01\/google-80x80.png 80w, https:\/\/www.fclcity.lu\/wp-content\/uploads\/2024\/01\/google-34x34.png 34w, https:\/\/www.fclcity.lu\/wp-content\/uploads\/2024\/01\/google-25x25.png 25w, https:\/\/www.fclcity.lu\/wp-content\/uploads\/2024\/01\/google-90x90.png 90w, https:\/\/www.fclcity.lu\/wp-content\/uploads\/2024\/01\/google-600x600.png 600w, https:\/\/www.fclcity.lu\/wp-content\/uploads\/2024\/01\/google-100x100.png 100w\" sizes=\"auto, (max-width: 20px) 100vw, 20px\" \/><\/em><\/a><\/em><\/td><\/tr><tr><td class=\"has-text-align-left\" data-align=\"left\"><strong><em>Matchs <\/em><\/strong><em><strong>FC Luxembourg City<\/strong> <em><strong>I<\/strong><\/em><strong>I<\/strong><\/em><\/td><td class=\"has-text-align-center\" data-align=\"center\"><em><a href=\"webcal:\/\/www.fclcity.lu\/index.php\/events\/category\/scolaires-u15-equipe-2\/feed\/eo-events\/\" target=\"_blank\"  title=\"&lt;em&gt;Matchs &lt;\/em&gt;Scolaires U15\"  ><em><img decoding=\"async\" class=\"wp-image-4297\" style=\"width: 20px;\" src=\"https:\/\/www.fclcity.lu\/wp-content\/uploads\/2024\/01\/apple.png\" alt=\"\"><\/em><\/a><\/em><\/td><td class=\"has-text-align-center\" data-align=\"center\"><em><a href=\"https:\/\/www.google.com\/calendar\/render?cid=http%3A%2F%2Fwww.fclcity.lu%2Findex.php%2Fevents%2Fcategory%2Fscolaires-u15-equipe-2%2Ffeed%2Feo-events%2F\" target=\"_blank\"  title=\"&lt;em&gt;Entra\u00eenements -Matchs&nbsp;Scolaires U15&lt;\/em&gt;\"  ><em><img loading=\"lazy\" decoding=\"async\" width=\"20\" height=\"20\" class=\"wp-image-4298\" style=\"width: 20px;\" src=\"https:\/\/www.fclcity.lu\/wp-content\/uploads\/2024\/01\/google.png\" alt=\"\" srcset=\"https:\/\/www.fclcity.lu\/wp-content\/uploads\/2024\/01\/google.png 1024w, https:\/\/www.fclcity.lu\/wp-content\/uploads\/2024\/01\/google-300x300.png 300w, https:\/\/www.fclcity.lu\/wp-content\/uploads\/2024\/01\/google-150x150.png 150w, https:\/\/www.fclcity.lu\/wp-content\/uploads\/2024\/01\/google-768x768.png 768w, https:\/\/www.fclcity.lu\/wp-content\/uploads\/2024\/01\/google-200x200.png 200w, https:\/\/www.fclcity.lu\/wp-content\/uploads\/2024\/01\/google-80x80.png 80w, https:\/\/www.fclcity.lu\/wp-content\/uploads\/2024\/01\/google-34x34.png 34w, https:\/\/www.fclcity.lu\/wp-content\/uploads\/2024\/01\/google-25x25.png 25w, https:\/\/www.fclcity.lu\/wp-content\/uploads\/2024\/01\/google-90x90.png 90w, https:\/\/www.fclcity.lu\/wp-content\/uploads\/2024\/01\/google-600x600.png 600w, https:\/\/www.fclcity.lu\/wp-content\/uploads\/2024\/01\/google-100x100.png 100w\" sizes=\"auto, (max-width: 20px) 100vw, 20px\" \/><\/em><\/a><\/em><\/td><\/tr><\/tbody><\/table><\/figure>\n\n\n\n<div class=\"wp-block-group\"><div class=\"wp-block-group__inner-container is-layout-constrained wp-block-group-is-layout-constrained\">\n<div class=\"wp-block-group\"><div class=\"wp-block-group__inner-container is-layout-constrained wp-block-group-is-layout-constrained\">\n<div class=\"wp-block-group\"><div class=\"wp-block-group__inner-container is-layout-constrained wp-block-group-is-layout-constrained\"><div id=\"eo_fullcalendar_1_loading\" class=\"eo-fullcalendar-loading\" ><img decoding=\"async\" src=\"https:\/\/www.fclcity.lu\/wp-content\/plugins\/event-organiser\/css\/images\/loading-image.gif\" class=\"eo-fullcalendar-loading-icon\" alt=\"Chargement&#8230;\" \/> Chargement&#8230;<\/div><div class=\"eo-fullcalendar eo-fullcalendar-shortcode eo-fullcalendar-reset eo-fullcalendar-responsive\" id=\"eo_fullcalendar_1\"><\/div>\n<\/div><\/div>\n<\/div><\/div>\n<\/div><\/div>\n","protected":false},"excerpt":{"rendered":"<p>Infos pratiques Pour la saison 2025-2026, la cat\u00e9gorie Scolaires (U15) regroupe les joueurs n\u00e9s en 2011 et 2012. Les entra\u00eenements sont propos\u00e9s dans le&#8230;<\/p>\n","protected":false},"author":1,"featured_media":0,"parent":965,"menu_order":7,"comment_status":"closed","ping_status":"closed","template":"","meta":{"footnotes":""},"class_list":["post-1633","page","type-page","status-publish","hentry"],"featured_image_src":null,"yoast_head":"<!-- This site is optimized with the Yoast SEO plugin v27.3 - https:\/\/yoast.com\/product\/yoast-seo-wordpress\/ -->\n<title>Scolaires U15 - FC Luxembourg City<\/title>\n<meta name=\"description\" content=\"Retrouvez toutes les informations pratiques concernant les entra\u00eenements et matches des cat\u00e9gories Scolaires U15 du FC Luxembourg City !\" \/>\n<meta name=\"robots\" content=\"index, follow, max-snippet:-1, max-image-preview:large, max-video-preview:-1\" \/>\n<link rel=\"canonical\" href=\"https:\/\/www.fclcity.lu\/index.php\/equipes-juniors\/scolaires-u15\/\" \/>\n<meta property=\"og:locale\" content=\"fr_FR\" \/>\n<meta property=\"og:type\" content=\"article\" \/>\n<meta property=\"og:title\" content=\"Scolaires U15 - FC Luxembourg City\" \/>\n<meta property=\"og:description\" content=\"Retrouvez toutes les informations pratiques concernant les entra\u00eenements et matches des cat\u00e9gories Scolaires U15 du FC Luxembourg City !\" \/>\n<meta property=\"og:url\" content=\"https:\/\/www.fclcity.lu\/index.php\/equipes-juniors\/scolaires-u15\/\" \/>\n<meta property=\"og:site_name\" content=\"FC Luxembourg City\" \/>\n<meta property=\"article:publisher\" content=\"https:\/\/facebook.com\/p\/FC-Luxembourg-City-100083413544920\/\" \/>\n<meta property=\"article:modified_time\" content=\"2026-02-18T20:17:39+00:00\" \/>\n<meta name=\"twitter:card\" content=\"summary_large_image\" \/>\n<meta name=\"twitter:label1\" content=\"Dur\u00e9e de lecture estim\u00e9e\" \/>\n\t<meta name=\"twitter:data1\" content=\"2 minutes\" \/>\n<script type=\"application\/ld+json\" class=\"yoast-schema-graph\">{\"@context\":\"https:\\\/\\\/schema.org\",\"@graph\":[{\"@type\":\"WebPage\",\"@id\":\"https:\\\/\\\/www.fclcity.lu\\\/index.php\\\/equipes-juniors\\\/scolaires-u15\\\/\",\"url\":\"https:\\\/\\\/www.fclcity.lu\\\/index.php\\\/equipes-juniors\\\/scolaires-u15\\\/\",\"name\":\"Scolaires U15 - FC Luxembourg City\",\"isPartOf\":{\"@id\":\"https:\\\/\\\/www.fclcity.lu\\\/#website\"},\"primaryImageOfPage\":{\"@id\":\"https:\\\/\\\/www.fclcity.lu\\\/index.php\\\/equipes-juniors\\\/scolaires-u15\\\/#primaryimage\"},\"image\":{\"@id\":\"https:\\\/\\\/www.fclcity.lu\\\/index.php\\\/equipes-juniors\\\/scolaires-u15\\\/#primaryimage\"},\"thumbnailUrl\":\"https:\\\/\\\/www.fclcity.lu\\\/wp-content\\\/uploads\\\/2024\\\/01\\\/apple.png\",\"datePublished\":\"2023-02-26T20:43:46+00:00\",\"dateModified\":\"2026-02-18T20:17:39+00:00\",\"description\":\"Retrouvez toutes les informations pratiques concernant les entra\u00eenements et matches des cat\u00e9gories Scolaires U15 du FC Luxembourg City !\",\"breadcrumb\":{\"@id\":\"https:\\\/\\\/www.fclcity.lu\\\/index.php\\\/equipes-juniors\\\/scolaires-u15\\\/#breadcrumb\"},\"inLanguage\":\"fr-FR\",\"potentialAction\":[{\"@type\":\"ReadAction\",\"target\":[\"https:\\\/\\\/www.fclcity.lu\\\/index.php\\\/equipes-juniors\\\/scolaires-u15\\\/\"]}]},{\"@type\":\"ImageObject\",\"inLanguage\":\"fr-FR\",\"@id\":\"https:\\\/\\\/www.fclcity.lu\\\/index.php\\\/equipes-juniors\\\/scolaires-u15\\\/#primaryimage\",\"url\":\"\",\"contentUrl\":\"\"},{\"@type\":\"BreadcrumbList\",\"@id\":\"https:\\\/\\\/www.fclcity.lu\\\/index.php\\\/equipes-juniors\\\/scolaires-u15\\\/#breadcrumb\",\"itemListElement\":[{\"@type\":\"ListItem\",\"position\":1,\"name\":\"Accueil\",\"item\":\"https:\\\/\\\/www.fclcity.lu\\\/\"},{\"@type\":\"ListItem\",\"position\":2,\"name\":\"Jeunes\",\"item\":\"https:\\\/\\\/www.fclcity.lu\\\/index.php\\\/equipes-juniors\\\/\"},{\"@type\":\"ListItem\",\"position\":3,\"name\":\"Scolaires U15\"}]},{\"@type\":\"WebSite\",\"@id\":\"https:\\\/\\\/www.fclcity.lu\\\/#website\",\"url\":\"https:\\\/\\\/www.fclcity.lu\\\/\",\"name\":\"FC Luxembourg City\",\"description\":\"\",\"publisher\":{\"@id\":\"https:\\\/\\\/www.fclcity.lu\\\/#organization\"},\"potentialAction\":[{\"@type\":\"SearchAction\",\"target\":{\"@type\":\"EntryPoint\",\"urlTemplate\":\"https:\\\/\\\/www.fclcity.lu\\\/?s={search_term_string}\"},\"query-input\":{\"@type\":\"PropertyValueSpecification\",\"valueRequired\":true,\"valueName\":\"search_term_string\"}}],\"inLanguage\":\"fr-FR\"},{\"@type\":\"Organization\",\"@id\":\"https:\\\/\\\/www.fclcity.lu\\\/#organization\",\"name\":\"FC Luxembourg City\",\"url\":\"https:\\\/\\\/www.fclcity.lu\\\/\",\"logo\":{\"@type\":\"ImageObject\",\"inLanguage\":\"fr-FR\",\"@id\":\"https:\\\/\\\/www.fclcity.lu\\\/#\\\/schema\\\/logo\\\/image\\\/\",\"url\":\"https:\\\/\\\/www.fclcity.lu\\\/wp-content\\\/uploads\\\/2023\\\/12\\\/LOGO_FCLC_472.png\",\"contentUrl\":\"https:\\\/\\\/www.fclcity.lu\\\/wp-content\\\/uploads\\\/2023\\\/12\\\/LOGO_FCLC_472.png\",\"width\":472,\"height\":472,\"caption\":\"FC Luxembourg City\"},\"image\":{\"@id\":\"https:\\\/\\\/www.fclcity.lu\\\/#\\\/schema\\\/logo\\\/image\\\/\"},\"sameAs\":[\"https:\\\/\\\/facebook.com\\\/p\\\/FC-Luxembourg-City-100083413544920\\\/\",\"https:\\\/\\\/www.instagram.com\\\/fc_lcity\"]}]}<\/script>\n<!-- \/ Yoast SEO plugin. -->","yoast_head_json":{"title":"Scolaires U15 - FC Luxembourg City","description":"Retrouvez toutes les informations pratiques concernant les entra\u00eenements et matches des cat\u00e9gories Scolaires U15 du FC Luxembourg City !","robots":{"index":"index","follow":"follow","max-snippet":"max-snippet:-1","max-image-preview":"max-image-preview:large","max-video-preview":"max-video-preview:-1"},"canonical":"https:\/\/www.fclcity.lu\/index.php\/equipes-juniors\/scolaires-u15\/","og_locale":"fr_FR","og_type":"article","og_title":"Scolaires U15 - FC Luxembourg City","og_description":"Retrouvez toutes les informations pratiques concernant les entra\u00eenements et matches des cat\u00e9gories Scolaires U15 du FC Luxembourg City !","og_url":"https:\/\/www.fclcity.lu\/index.php\/equipes-juniors\/scolaires-u15\/","og_site_name":"FC Luxembourg City","article_publisher":"https:\/\/facebook.com\/p\/FC-Luxembourg-City-100083413544920\/","article_modified_time":"2026-02-18T20:17:39+00:00","twitter_card":"summary_large_image","twitter_misc":{"Dur\u00e9e de lecture estim\u00e9e":"2 minutes"},"schema":{"@context":"https:\/\/schema.org","@graph":[{"@type":"WebPage","@id":"https:\/\/www.fclcity.lu\/index.php\/equipes-juniors\/scolaires-u15\/","url":"https:\/\/www.fclcity.lu\/index.php\/equipes-juniors\/scolaires-u15\/","name":"Scolaires U15 - FC Luxembourg City","isPartOf":{"@id":"https:\/\/www.fclcity.lu\/#website"},"primaryImageOfPage":{"@id":"https:\/\/www.fclcity.lu\/index.php\/equipes-juniors\/scolaires-u15\/#primaryimage"},"image":{"@id":"https:\/\/www.fclcity.lu\/index.php\/equipes-juniors\/scolaires-u15\/#primaryimage"},"thumbnailUrl":"https:\/\/www.fclcity.lu\/wp-content\/uploads\/2024\/01\/apple.png","datePublished":"2023-02-26T20:43:46+00:00","dateModified":"2026-02-18T20:17:39+00:00","description":"Retrouvez toutes les informations pratiques concernant les entra\u00eenements et matches des cat\u00e9gories Scolaires U15 du FC Luxembourg City !","breadcrumb":{"@id":"https:\/\/www.fclcity.lu\/index.php\/equipes-juniors\/scolaires-u15\/#breadcrumb"},"inLanguage":"fr-FR","potentialAction":[{"@type":"ReadAction","target":["https:\/\/www.fclcity.lu\/index.php\/equipes-juniors\/scolaires-u15\/"]}]},{"@type":"ImageObject","inLanguage":"fr-FR","@id":"https:\/\/www.fclcity.lu\/index.php\/equipes-juniors\/scolaires-u15\/#primaryimage","url":"","contentUrl":""},{"@type":"BreadcrumbList","@id":"https:\/\/www.fclcity.lu\/index.php\/equipes-juniors\/scolaires-u15\/#breadcrumb","itemListElement":[{"@type":"ListItem","position":1,"name":"Accueil","item":"https:\/\/www.fclcity.lu\/"},{"@type":"ListItem","position":2,"name":"Jeunes","item":"https:\/\/www.fclcity.lu\/index.php\/equipes-juniors\/"},{"@type":"ListItem","position":3,"name":"Scolaires U15"}]},{"@type":"WebSite","@id":"https:\/\/www.fclcity.lu\/#website","url":"https:\/\/www.fclcity.lu\/","name":"FC Luxembourg City","description":"","publisher":{"@id":"https:\/\/www.fclcity.lu\/#organization"},"potentialAction":[{"@type":"SearchAction","target":{"@type":"EntryPoint","urlTemplate":"https:\/\/www.fclcity.lu\/?s={search_term_string}"},"query-input":{"@type":"PropertyValueSpecification","valueRequired":true,"valueName":"search_term_string"}}],"inLanguage":"fr-FR"},{"@type":"Organization","@id":"https:\/\/www.fclcity.lu\/#organization","name":"FC Luxembourg City","url":"https:\/\/www.fclcity.lu\/","logo":{"@type":"ImageObject","inLanguage":"fr-FR","@id":"https:\/\/www.fclcity.lu\/#\/schema\/logo\/image\/","url":"https:\/\/www.fclcity.lu\/wp-content\/uploads\/2023\/12\/LOGO_FCLC_472.png","contentUrl":"https:\/\/www.fclcity.lu\/wp-content\/uploads\/2023\/12\/LOGO_FCLC_472.png","width":472,"height":472,"caption":"FC Luxembourg City"},"image":{"@id":"https:\/\/www.fclcity.lu\/#\/schema\/logo\/image\/"},"sameAs":["https:\/\/facebook.com\/p\/FC-Luxembourg-City-100083413544920\/","https:\/\/www.instagram.com\/fc_lcity"]}]}},"jetpack_sharing_enabled":true,"_links":{"self":[{"href":"https:\/\/www.fclcity.lu\/index.php\/wp-json\/wp\/v2\/pages\/1633","targetHints":{"allow":["GET"]}}],"collection":[{"href":"https:\/\/www.fclcity.lu\/index.php\/wp-json\/wp\/v2\/pages"}],"about":[{"href":"https:\/\/www.fclcity.lu\/index.php\/wp-json\/wp\/v2\/types\/page"}],"author":[{"embeddable":true,"href":"https:\/\/www.fclcity.lu\/index.php\/wp-json\/wp\/v2\/users\/1"}],"replies":[{"embeddable":true,"href":"https:\/\/www.fclcity.lu\/index.php\/wp-json\/wp\/v2\/comments?post=1633"}],"version-history":[{"count":33,"href":"https:\/\/www.fclcity.lu\/index.php\/wp-json\/wp\/v2\/pages\/1633\/revisions"}],"predecessor-version":[{"id":7578,"href":"https:\/\/www.fclcity.lu\/index.php\/wp-json\/wp\/v2\/pages\/1633\/revisions\/7578"}],"up":[{"embeddable":true,"href":"https:\/\/www.fclcity.lu\/index.php\/wp-json\/wp\/v2\/pages\/965"}],"wp:attachment":[{"href":"https:\/\/www.fclcity.lu\/index.php\/wp-json\/wp\/v2\/media?parent=1633"}],"curies":[{"name":"wp","href":"https:\/\/api.w.org\/{rel}","templated":true}]}}