{"id":206,"date":"2023-01-22T10:07:49","date_gmt":"2023-01-22T09:07:49","guid":{"rendered":"http:\/\/tzcnqlh.cluster027.hosting.ovh.net\/?page_id=206"},"modified":"2025-12-20T13:45:54","modified_gmt":"2025-12-20T12:45:54","slug":"tournoi","status":"publish","type":"page","link":"https:\/\/www.fclcity.lu\/index.php\/tournoi-lux-city\/tournoi\/","title":{"rendered":"Infos pratiques"},"content":{"rendered":"\n<p>La 6e \u00e9dition du tournoi <strong><em>Il Piccolo Mondo Cup<\/em> se d\u00e9roulera le week-end du 20 et 21 juin 2026 <\/strong>au <a href=\"https:\/\/maps.app.goo.gl\/2i7NYxPRrc3CGBW37\" target=\"_blank\" rel=\"noreferrer noopener\">stade de Cents<\/a> et rassemblera de nombreux clubs de cat\u00e9gories jeunes U7 \u00e0 U13 \u26bd<\/p>\n\n\n\n<p>Si vous \u00eates coach, pensez \u00e0 <a href=\"https:\/\/www.fclcity.lu\/index.php\/tournoi-lux-city\/inscription\/\" target=\"_blank\" rel=\"noreferrer noopener\">inscrire<\/a> vos \u00e9quipes dans les diff\u00e9rentes cat\u00e9gories.<\/p>\n\n\n\n<p>Vous retrouverez ici le r\u00e8glement et le programme complet peu avant le d\u00e9but du tournoi :<\/p>\n\n\n\n<ul class=\"wp-block-list\">\n<li>Programme U13 &#8211; Minimes et U9 &#8211; Pupilles <em>(Samedi 20\/06)<\/em> ==&gt; A venir<\/li>\n\n\n\n<li>Programme U11 &#8211; Poussins et U7 &#8211; Bambini <em>(Dimanche 21\/06)<\/em> ==&gt; A venir<\/li>\n\n\n\n<li>R\u00e8glement du tournoi ==&gt; Bient\u00f4t disponible<\/li>\n\n\n\n<li><em>Journ\u00e9e du samedi 20\/06<\/em>\n<ul class=\"wp-block-list\">\n<li><strong>U13 &#8211; Minimes :<\/strong> <em>9h \u00e0 12h30<\/em><\/li>\n\n\n\n<li><strong>U9 &#8211; Pupilles :<\/strong> <em>13h30 \u00e0 17h30<\/em><\/li>\n\n\n\n<li>Plan du stade et des terrains U13 ==&gt; A venir<\/li>\n\n\n\n<li>Plan du stade et des terrains U9 ==&gt; A venir<\/li>\n<\/ul>\n<\/li>\n\n\n\n<li><em>Journ\u00e9e du dimanche 21\/06<\/em>\n<ul class=\"wp-block-list\">\n<li><strong>U11 &#8211; Poussins : <\/strong><em><em>9h \u00e0 1<\/em>2h30<\/em><\/li>\n\n\n\n<li><strong>U7 &#8211; Bambinis : <\/strong><em><em>13h30 \u00e0 17h30<\/em><\/em><\/li>\n\n\n\n<li>Plan du stade et des terrains U11 ==&gt; A venir<\/li>\n\n\n\n<li>Plan du stade et des terrains U7 ==&gt; A venir<\/li>\n<\/ul>\n<\/li>\n<\/ul>\n\n\n\n<p>Nous serons \u00e9galement heureux de vous accueillir \u00e0 notre buvette et notre stand de restauration<em> <\/em>et vous pourrez \u00e9galement profiter de plusieurs animations durant la journ\u00e9e<em> (tombola, challenges)<\/em>.<\/p>\n\n\n\n<p>Nous esp\u00e9rons donc vous retrouver nombreux pour partager ensemble ce moment de comp\u00e9tition mais avant tout de convivialit\u00e9 \ud83d\ude42<\/p>\n\n\n\n<p>Retrouvez <a href=\"https:\/\/www.fclcity.lu\/index.php\/2025\/06\/22\/tournoi-il-piccolo-mondo-cup-2025-merci-a-tous\/\">ici<\/a> quelques souvenirs de l&#8217;\u00e9dition pr\u00e9c\u00e9dente.<\/p>\n\n\n<p><img loading=\"lazy\" decoding=\"async\" src=\"https:\/\/www.fclcity.lu\/wp-content\/uploads\/2025\/12\/Flyer_v8.webp\" alt=\"\" width=\"596\" height=\"842\" class=\"aligncenter size-full wp-image-7377\" srcset=\"https:\/\/www.fclcity.lu\/wp-content\/uploads\/2025\/12\/Flyer_v8.webp 596w, https:\/\/www.fclcity.lu\/wp-content\/uploads\/2025\/12\/Flyer_v8-212x300.webp 212w, https:\/\/www.fclcity.lu\/wp-content\/uploads\/2025\/12\/Flyer_v8-142x200.webp 142w, https:\/\/www.fclcity.lu\/wp-content\/uploads\/2025\/12\/Flyer_v8-57x80.webp 57w, https:\/\/www.fclcity.lu\/wp-content\/uploads\/2025\/12\/Flyer_v8-24x34.webp 24w\" sizes=\"auto, (max-width: 596px) 100vw, 596px\" \/><\/p>","protected":false},"excerpt":{"rendered":"<p>La 6e \u00e9dition du tournoi Il Piccolo Mondo Cup se d\u00e9roulera le week-end du 20 et 21 juin 2026 au stade de Cents et&#8230;<\/p>\n","protected":false},"author":1,"featured_media":7377,"parent":979,"menu_order":1,"comment_status":"closed","ping_status":"closed","template":"","meta":{"footnotes":""},"class_list":["post-206","page","type-page","status-publish","has-post-thumbnail","hentry"],"featured_image_src":"https:\/\/www.fclcity.lu\/wp-content\/uploads\/2025\/12\/Flyer_v8.webp","yoast_head":"<!-- This site is optimized with the Yoast SEO plugin v27.4 - https:\/\/yoast.com\/product\/yoast-seo-wordpress\/ -->\n<title>Infos pratiques - FC Luxembourg City<\/title>\n<meta name=\"description\" content=\"Retrouvez toutes les informations pratiques concernant le tournoi annuel Jeunes organis\u00e9 par le club de football FC Luxembourg City !\" \/>\n<meta name=\"robots\" content=\"index, follow, max-snippet:-1, max-image-preview:large, max-video-preview:-1\" \/>\n<link rel=\"canonical\" href=\"https:\/\/www.fclcity.lu\/index.php\/tournoi-lux-city\/tournoi\/\" \/>\n<meta property=\"og:locale\" content=\"fr_FR\" \/>\n<meta property=\"og:type\" content=\"article\" \/>\n<meta property=\"og:title\" content=\"Infos pratiques - FC Luxembourg City\" \/>\n<meta property=\"og:description\" content=\"Retrouvez toutes les informations pratiques concernant le tournoi annuel Jeunes organis\u00e9 par le club de football FC Luxembourg City !\" \/>\n<meta property=\"og:url\" content=\"https:\/\/www.fclcity.lu\/index.php\/tournoi-lux-city\/tournoi\/\" \/>\n<meta property=\"og:site_name\" content=\"FC Luxembourg City\" \/>\n<meta property=\"article:publisher\" content=\"https:\/\/facebook.com\/p\/FC-Luxembourg-City-100083413544920\/\" \/>\n<meta property=\"article:modified_time\" content=\"2025-12-20T12:45:54+00:00\" \/>\n<meta property=\"og:image\" content=\"https:\/\/www.fclcity.lu\/wp-content\/uploads\/2025\/12\/Flyer_v8.webp\" \/>\n\t<meta property=\"og:image:width\" content=\"596\" \/>\n\t<meta property=\"og:image:height\" content=\"842\" \/>\n\t<meta property=\"og:image:type\" content=\"image\/webp\" \/>\n<meta name=\"twitter:card\" content=\"summary_large_image\" \/>\n<meta name=\"twitter:label1\" content=\"Dur\u00e9e de lecture estim\u00e9e\" \/>\n\t<meta name=\"twitter:data1\" content=\"2 minutes\" \/>\n<script type=\"application\/ld+json\" class=\"yoast-schema-graph\">{\"@context\":\"https:\\\/\\\/schema.org\",\"@graph\":[{\"@type\":\"WebPage\",\"@id\":\"https:\\\/\\\/www.fclcity.lu\\\/index.php\\\/tournoi-lux-city\\\/tournoi\\\/\",\"url\":\"https:\\\/\\\/www.fclcity.lu\\\/index.php\\\/tournoi-lux-city\\\/tournoi\\\/\",\"name\":\"Infos pratiques - FC Luxembourg City\",\"isPartOf\":{\"@id\":\"https:\\\/\\\/www.fclcity.lu\\\/#website\"},\"primaryImageOfPage\":{\"@id\":\"https:\\\/\\\/www.fclcity.lu\\\/index.php\\\/tournoi-lux-city\\\/tournoi\\\/#primaryimage\"},\"image\":{\"@id\":\"https:\\\/\\\/www.fclcity.lu\\\/index.php\\\/tournoi-lux-city\\\/tournoi\\\/#primaryimage\"},\"thumbnailUrl\":\"https:\\\/\\\/www.fclcity.lu\\\/wp-content\\\/uploads\\\/2025\\\/12\\\/Flyer_v8.webp\",\"datePublished\":\"2023-01-22T09:07:49+00:00\",\"dateModified\":\"2025-12-20T12:45:54+00:00\",\"description\":\"Retrouvez toutes les informations pratiques concernant le tournoi annuel Jeunes organis\u00e9 par le club de football FC Luxembourg City !\",\"breadcrumb\":{\"@id\":\"https:\\\/\\\/www.fclcity.lu\\\/index.php\\\/tournoi-lux-city\\\/tournoi\\\/#breadcrumb\"},\"inLanguage\":\"fr-FR\",\"potentialAction\":[{\"@type\":\"ReadAction\",\"target\":[\"https:\\\/\\\/www.fclcity.lu\\\/index.php\\\/tournoi-lux-city\\\/tournoi\\\/\"]}]},{\"@type\":\"ImageObject\",\"inLanguage\":\"fr-FR\",\"@id\":\"https:\\\/\\\/www.fclcity.lu\\\/index.php\\\/tournoi-lux-city\\\/tournoi\\\/#primaryimage\",\"url\":\"https:\\\/\\\/www.fclcity.lu\\\/wp-content\\\/uploads\\\/2025\\\/12\\\/Flyer_v8.webp\",\"contentUrl\":\"https:\\\/\\\/www.fclcity.lu\\\/wp-content\\\/uploads\\\/2025\\\/12\\\/Flyer_v8.webp\",\"width\":596,\"height\":842},{\"@type\":\"BreadcrumbList\",\"@id\":\"https:\\\/\\\/www.fclcity.lu\\\/index.php\\\/tournoi-lux-city\\\/tournoi\\\/#breadcrumb\",\"itemListElement\":[{\"@type\":\"ListItem\",\"position\":1,\"name\":\"Accueil\",\"item\":\"https:\\\/\\\/www.fclcity.lu\\\/\"},{\"@type\":\"ListItem\",\"position\":2,\"name\":\"Tournoi\",\"item\":\"https:\\\/\\\/www.fclcity.lu\\\/index.php\\\/tournoi-lux-city\\\/\"},{\"@type\":\"ListItem\",\"position\":3,\"name\":\"Infos pratiques\"}]},{\"@type\":\"WebSite\",\"@id\":\"https:\\\/\\\/www.fclcity.lu\\\/#website\",\"url\":\"https:\\\/\\\/www.fclcity.lu\\\/\",\"name\":\"FC Luxembourg City\",\"description\":\"\",\"publisher\":{\"@id\":\"https:\\\/\\\/www.fclcity.lu\\\/#organization\"},\"potentialAction\":[{\"@type\":\"SearchAction\",\"target\":{\"@type\":\"EntryPoint\",\"urlTemplate\":\"https:\\\/\\\/www.fclcity.lu\\\/?s={search_term_string}\"},\"query-input\":{\"@type\":\"PropertyValueSpecification\",\"valueRequired\":true,\"valueName\":\"search_term_string\"}}],\"inLanguage\":\"fr-FR\"},{\"@type\":\"Organization\",\"@id\":\"https:\\\/\\\/www.fclcity.lu\\\/#organization\",\"name\":\"FC Luxembourg City\",\"url\":\"https:\\\/\\\/www.fclcity.lu\\\/\",\"logo\":{\"@type\":\"ImageObject\",\"inLanguage\":\"fr-FR\",\"@id\":\"https:\\\/\\\/www.fclcity.lu\\\/#\\\/schema\\\/logo\\\/image\\\/\",\"url\":\"https:\\\/\\\/www.fclcity.lu\\\/wp-content\\\/uploads\\\/2023\\\/12\\\/LOGO_FCLC_472.png\",\"contentUrl\":\"https:\\\/\\\/www.fclcity.lu\\\/wp-content\\\/uploads\\\/2023\\\/12\\\/LOGO_FCLC_472.png\",\"width\":472,\"height\":472,\"caption\":\"FC Luxembourg City\"},\"image\":{\"@id\":\"https:\\\/\\\/www.fclcity.lu\\\/#\\\/schema\\\/logo\\\/image\\\/\"},\"sameAs\":[\"https:\\\/\\\/facebook.com\\\/p\\\/FC-Luxembourg-City-100083413544920\\\/\",\"https:\\\/\\\/www.instagram.com\\\/fc_lcity\"]}]}<\/script>\n<!-- \/ Yoast SEO plugin. -->","yoast_head_json":{"title":"Infos pratiques - FC Luxembourg City","description":"Retrouvez toutes les informations pratiques concernant le tournoi annuel Jeunes organis\u00e9 par le club de football FC Luxembourg City !","robots":{"index":"index","follow":"follow","max-snippet":"max-snippet:-1","max-image-preview":"max-image-preview:large","max-video-preview":"max-video-preview:-1"},"canonical":"https:\/\/www.fclcity.lu\/index.php\/tournoi-lux-city\/tournoi\/","og_locale":"fr_FR","og_type":"article","og_title":"Infos pratiques - FC Luxembourg City","og_description":"Retrouvez toutes les informations pratiques concernant le tournoi annuel Jeunes organis\u00e9 par le club de football FC Luxembourg City !","og_url":"https:\/\/www.fclcity.lu\/index.php\/tournoi-lux-city\/tournoi\/","og_site_name":"FC Luxembourg City","article_publisher":"https:\/\/facebook.com\/p\/FC-Luxembourg-City-100083413544920\/","article_modified_time":"2025-12-20T12:45:54+00:00","og_image":[{"width":596,"height":842,"url":"https:\/\/www.fclcity.lu\/wp-content\/uploads\/2025\/12\/Flyer_v8.webp","type":"image\/webp"}],"twitter_card":"summary_large_image","twitter_misc":{"Dur\u00e9e de lecture estim\u00e9e":"2 minutes"},"schema":{"@context":"https:\/\/schema.org","@graph":[{"@type":"WebPage","@id":"https:\/\/www.fclcity.lu\/index.php\/tournoi-lux-city\/tournoi\/","url":"https:\/\/www.fclcity.lu\/index.php\/tournoi-lux-city\/tournoi\/","name":"Infos pratiques - FC Luxembourg City","isPartOf":{"@id":"https:\/\/www.fclcity.lu\/#website"},"primaryImageOfPage":{"@id":"https:\/\/www.fclcity.lu\/index.php\/tournoi-lux-city\/tournoi\/#primaryimage"},"image":{"@id":"https:\/\/www.fclcity.lu\/index.php\/tournoi-lux-city\/tournoi\/#primaryimage"},"thumbnailUrl":"https:\/\/www.fclcity.lu\/wp-content\/uploads\/2025\/12\/Flyer_v8.webp","datePublished":"2023-01-22T09:07:49+00:00","dateModified":"2025-12-20T12:45:54+00:00","description":"Retrouvez toutes les informations pratiques concernant le tournoi annuel Jeunes organis\u00e9 par le club de football FC Luxembourg City !","breadcrumb":{"@id":"https:\/\/www.fclcity.lu\/index.php\/tournoi-lux-city\/tournoi\/#breadcrumb"},"inLanguage":"fr-FR","potentialAction":[{"@type":"ReadAction","target":["https:\/\/www.fclcity.lu\/index.php\/tournoi-lux-city\/tournoi\/"]}]},{"@type":"ImageObject","inLanguage":"fr-FR","@id":"https:\/\/www.fclcity.lu\/index.php\/tournoi-lux-city\/tournoi\/#primaryimage","url":"https:\/\/www.fclcity.lu\/wp-content\/uploads\/2025\/12\/Flyer_v8.webp","contentUrl":"https:\/\/www.fclcity.lu\/wp-content\/uploads\/2025\/12\/Flyer_v8.webp","width":596,"height":842},{"@type":"BreadcrumbList","@id":"https:\/\/www.fclcity.lu\/index.php\/tournoi-lux-city\/tournoi\/#breadcrumb","itemListElement":[{"@type":"ListItem","position":1,"name":"Accueil","item":"https:\/\/www.fclcity.lu\/"},{"@type":"ListItem","position":2,"name":"Tournoi","item":"https:\/\/www.fclcity.lu\/index.php\/tournoi-lux-city\/"},{"@type":"ListItem","position":3,"name":"Infos pratiques"}]},{"@type":"WebSite","@id":"https:\/\/www.fclcity.lu\/#website","url":"https:\/\/www.fclcity.lu\/","name":"FC Luxembourg City","description":"","publisher":{"@id":"https:\/\/www.fclcity.lu\/#organization"},"potentialAction":[{"@type":"SearchAction","target":{"@type":"EntryPoint","urlTemplate":"https:\/\/www.fclcity.lu\/?s={search_term_string}"},"query-input":{"@type":"PropertyValueSpecification","valueRequired":true,"valueName":"search_term_string"}}],"inLanguage":"fr-FR"},{"@type":"Organization","@id":"https:\/\/www.fclcity.lu\/#organization","name":"FC Luxembourg City","url":"https:\/\/www.fclcity.lu\/","logo":{"@type":"ImageObject","inLanguage":"fr-FR","@id":"https:\/\/www.fclcity.lu\/#\/schema\/logo\/image\/","url":"https:\/\/www.fclcity.lu\/wp-content\/uploads\/2023\/12\/LOGO_FCLC_472.png","contentUrl":"https:\/\/www.fclcity.lu\/wp-content\/uploads\/2023\/12\/LOGO_FCLC_472.png","width":472,"height":472,"caption":"FC Luxembourg City"},"image":{"@id":"https:\/\/www.fclcity.lu\/#\/schema\/logo\/image\/"},"sameAs":["https:\/\/facebook.com\/p\/FC-Luxembourg-City-100083413544920\/","https:\/\/www.instagram.com\/fc_lcity"]}]}},"jetpack_sharing_enabled":true,"_links":{"self":[{"href":"https:\/\/www.fclcity.lu\/index.php\/wp-json\/wp\/v2\/pages\/206","targetHints":{"allow":["GET"]}}],"collection":[{"href":"https:\/\/www.fclcity.lu\/index.php\/wp-json\/wp\/v2\/pages"}],"about":[{"href":"https:\/\/www.fclcity.lu\/index.php\/wp-json\/wp\/v2\/types\/page"}],"author":[{"embeddable":true,"href":"https:\/\/www.fclcity.lu\/index.php\/wp-json\/wp\/v2\/users\/1"}],"replies":[{"embeddable":true,"href":"https:\/\/www.fclcity.lu\/index.php\/wp-json\/wp\/v2\/comments?post=206"}],"version-history":[{"count":85,"href":"https:\/\/www.fclcity.lu\/index.php\/wp-json\/wp\/v2\/pages\/206\/revisions"}],"predecessor-version":[{"id":7412,"href":"https:\/\/www.fclcity.lu\/index.php\/wp-json\/wp\/v2\/pages\/206\/revisions\/7412"}],"up":[{"embeddable":true,"href":"https:\/\/www.fclcity.lu\/index.php\/wp-json\/wp\/v2\/pages\/979"}],"wp:featuredmedia":[{"embeddable":true,"href":"https:\/\/www.fclcity.lu\/index.php\/wp-json\/wp\/v2\/media\/7377"}],"wp:attachment":[{"href":"https:\/\/www.fclcity.lu\/index.php\/wp-json\/wp\/v2\/media?parent=206"}],"curies":[{"name":"wp","href":"https:\/\/api.w.org\/{rel}","templated":true}]}}